 w. What is the remainder when y/(-36) + (-2)/6 is divided by 10?
7
Suppose 4*k = 5*o - 127, -99*k = 3*o - 102*k - 78. Calculate the remainder when 41 is divided by o.
18
Suppose 19*z + 176 - 385 = 0. Suppose z*y - 65 = 199. Calculate the remainder when 718 is divided by y.
22
Suppose 10*a + 24 - 24 = 0. Suppose a = -5*w - 27*w + 2016. Calculate the remainder when 105 is divided by w.
42
Let y(m) = 39*m - 83*m + 42*m - 1. What is the remainder when 32 is divided by y(-3)?
2
Let s(l) = -56*l - 1716. What is the remainder when s(-121) is divided by 61?
58
Let k(f) = 21*f**2 + 19*f - 1. Let q be -9 - (-4)/((-16)/(-20)). What is the remainder when k(q) is divided by 26?
25
Let z(y) = -3*y + 14. Let g be z(3). Calculate the remainder when (-13376)/(-440) + (-2)/g is divided by 11.
8
Let n(k) = -71*k - 40. Let v be n(-5). Let w = 411 - v. Suppose 3*u - 2*l = 93, l = -2*l + 9. What is the remainder when w is divided by u?
30
What is the remainder when 133 is divided by (63/(11 + -4) + 21)*1?
13
Suppose -5*d = -4*n + 1035, 5*n - d + 435 = 1692. What is the remainder when n is divided by 210?
40
What is the remainder when 1505 is divided by 53334/144 + 18/(-48)?
25
What is the remainder when 4066 is divided by ((-1605)/75 + 21)/((-2258)/(-1130) - 2)?
224
Suppose -23 = -2*a + 3*o, -5*a + 54 = -84*o + 80*o. Suppose 0*q = 4*w - 5*q - 133, 4*w - 3*q - 139 = 0. Calculate the remainder when w is divided by a.
7
Let n = -9738 + 9788. Calculate the remainder when 305 is divided by n.
5
Let g(u) = 3465*u**2 + 1168*u + 1169. What is the remainder when g(-1) is divided by 173?
6
Suppose 0 = -778*s + 774*s + 68. Suppose 4*o = 2*u - 166, -351 = -4*u - 4*o + s. What is the remainder when u is divided by 54?
35
Suppose -c = 4*l - 331, -1729*l = -1733*l - 5*c + 327. Let w = 26 + 2. Calculate the remainder when l is divided by w.
27
Suppose 5*q + b - 715 = 0, -4*b + 34 = 3*q - 412. Suppose 5*k - 4*a - 147 = q, 0 = 2*k - 5*a - 119. What is the remainder when k is divided by 16?
9
Let y(a) = -14*a - 34. Let j be y(-9). Let x = j + -87. Suppose g - x*g - 3*u = -602, -3*u = 2*g - 304. Calculate the remainder when g is divided by 30.
29
Let h be (3 - (-14)/2)/((-2)/(-24)). Let l be (-3*(-8)/10)/((-16)/h). Let v = 184 + l. What is the remainder when v is divided by 28?
26
Let n = 9 + 5. Let o = n - -45. Let f(q) = 2*q**3 + 7*q**2 + 2*q + 39. Calculate the remainder when o is divided by f(-4).
14
Let t(v) = 4*v**2 + 127*v - 373. Calculate the remainder when t(3) is divided by 9.
8
Suppose -5*m + 10 = -2 - 143. What is the remainder when 185 is divided by m?
30
Suppose -4*t + 4941 = -5*v, -182*t + 185*t + 5*v = 3732. Calculate the remainder when t is divided by 609.
21
Let c = -189 + 119. What is the remainder when 371 is divided by 309/5 - 14/c?
61
Suppose 335*v + 1767 = 339*v + x, -2*x + 882 = 2*v. Calculate the remainder when 2220 is divided by v.
10
Let l = -34 - -93. Suppose 2*f - 8*f - 84 = 0. Calculate the remainder when l is divided by (-8)/f + (-715)/(-35).
17
Suppose 11*s + 210 = 17*s. What is the remainder when s*(-30)/12*4/(-5) is divided by 12?
10
Suppose -4*o = -3*m - 1209, 2*o - m = 244 + 363. Suppose -3*h + o = -705. What is the remainder when h is divided by 34?
31
Suppose 2736*t - 5488*t + 142674 = -2738*t. What is the remainder when t is divided by 6?
3
Suppose -197 = -2*f + y, 2*f + 3*f - y - 494 = 0. Suppose -4*z + 57 + f = 0. Calculate the remainder when 113 is divided by z.
35
Calculate the remainder when 628 is divided by (-201)/(-6) + (-14)/28 - -1.
16
Let q = 489 - 451. Calculate the remainder when 354 is divided by q.
12
Let q(v) = 4*v**2 - 5*v + 2. Let s be q(2). Let d = -20 - s. Calculate the remainder when d/(-2) + 69/23 is divided by 9.
8
Calculate the remainder when ((-426)/(-10))/((-33)/(-275)) is divided by 104.
43
Let r = 50 + -31. Let v be -1*(-8 + 5)*1. Suppose c + 10 = -v*y, -5*c + 8*y - 7*y + 30 = 0. What is the remainder when r is divided by c?
4
Let k = 1227 + -1177. Let m(i) = i + 8. Let a be m(-6). Suppose -5*n = -0*n - 2*c - 154, a*n + 5*c - k = 0. What is the remainder when n is divided by 16?
14
Suppose -1179*h + 1253*h = 1184. Calculate the remainder when 3224 is divided by h.
8
Let b(d) = -66*d - 23. Let o(w) = -44*w - 16. Let v(t) = -5*b(t) + 8*o(t). Calculate the remainder when v(-4) is divided by 13.
10
Suppose -3*f = 3*p - 33, 4*f - 49 = -4*p - f. What is the remainder when 905 is divided by p?
5
Let b(w) = -w + 19. Suppose -3*j - u - 4 = -13, -6 = -2*u. Suppose -70 = 3*s - 5*s + j*g, -2*g = 2*s - 58. Calculate the remainder when s is divided by b(8).
10
Let b(l) = -l**3 + 5*l**2 + 30*l - 33. Let j be b(11). Calculate the remainder when 57 is divided by (-1 - -7) + (j/(-13))/11.
3
Let x be ((-2)/(-5))/(-1) + (-776)/10. Calculate the remainder when 90 is divided by (x/(-65))/((-4)/10) - -22.
14
Suppose 1380 = -6*n - 426. Let m = 1816 + n. Calculate the remainder when m is divided by 66.
63
Let t(g) = -g**2 - 27*g - 21. Let w = -260 - -249. Calculate the remainder when t(w) is divided by 27.
20
Suppose -35 = 5*c + 720. Suppose -695 = -4*p - 3*q, 0*q - 5 = -5*q. Let j = c + p. Calculate the remainder when 105 is divided by j.
17
Suppose -9*j - 521 + 1017 = -953. Calculate the remainder when 3379 is divided by j.
159
Let i = 40 + -421. Let m = 709 + i. Calculate the remainder when m is divided by 55.
53
Let r = 104 - 48. Let y = r - 268. Let p = y + 438. What is the remainder when p is divided by 12?
10
Let i = -106 - -108. Suppose 2 = -i*g, 4*x - 1063 + 127 = -4*g. Calculate the remainder when x is divided by 14.
11
Suppose -107*g = -112*g + 1835. Let k = -28 + g. Calculate the remainder when k is divided by 69.
63
Let g(u) = u**3 - 2*u**2 + 25. What is the remainder when (-72)/10*(-100)/15 is divided by g(0)?
23
What is the remainder when 342/(-1140) + (-1726)/(-20) is divided by 41?
4
Let g(i) = -i**2 - 12*i - 14. Let c be g(-10). What is the remainder when -131*(0 + c + -7) is divided by 23?
16
What is the remainder when -7 + (-237)/(-33) - 78489/(-99) is divided by 133?
128
Suppose -r = -3 - 22. Let v(z) = -2*z**2 - 30*z + 258 - 75*z + 46 + 3*z**2 + 73*z. What is the remainder when v(9) is divided by r?
22
Let i be (60/(-8) - 0)*580/6. Let g = i + 760. Calculate the remainder when g is divided by 23.
12
Suppose -2*l - 65 = -7*l - 2*c, -l + 5*c = -13. Let f(w) = -10*w - 36. Let b be f(-5). Suppose b*q + 255 = 19*q. Calculate the remainder when q is divided by l.
12
Let d(k) = -16*k - 783. What is the remainder when d(-63) is divided by 3?
0
Suppose 5269*v = 5287*v - 309636. What is the remainder when v is divided by 15?
12
Let a(b) = 46*b - 13. Let p be (-3 - 2) + (-66)/(-11). Calculate the remainder when a(p) is divided by 7.
5
Suppose -d - 2*t = -683, 0*t - 3*t - 693 = -d. Calculate the remainder when d is divided by (-2)/29 + (-2240)/2842 + 2456/56.
42
Let u(o) = 206*o + 13. Let j be u(6). Suppose 0 = 6*i - j + 295. Suppose 2*q + 0*h = 5*h + i, -4*h - 235 = -3*q. What is the remainder when q is divided by 20?
17
Let p = -1092 + 2204. Suppose 6*w + 2*w - p = 0. Calculate the remainder when w is divided by 28.
27
Let u be (-11 - -2)*1/(-3). Suppose a = 18*a - 476. What is the remainder when a is divided by (12/8)/(u/30)?
13
Let d(f) = -f**3 - 7*f**2 - 11*f - 1. Let w be d(-5). Suppose -w*z - 68 + 8 = 0. Calculate the remainder when 58 is divided by (-294)/z - (12/(-5) - -2).
18
Let r = -4116 - -4132. Calculate the remainder when 1503 is divided by r.
15
Let h(o) = 5 - 6267*o**3 - 15 - o + 6266*o**3 + 8*o**2. What is the remainder when 85 is divided by h(7)?
21
Suppose -40*b = -35*b - 4*o + 69, -4*b - 51 = o. Let z(y) = -4*y**2 - 18*y + 17 + 5*y + 3*y**2. Calculate the remainder when z(b) is divided by 10.
7
Let z(t) = -t**2 + t + 2. Let p be z(-1). Suppose 5*l - 2*l - 36 = p. What is the remainder when 35 is divided by l?
11
Let m = -36 - -45. Suppose 58*c - 43*c - 255 = 0. Calculate the remainder when c is divided by m.
8
Let p(y) = y**2 + 11*y + 13. Let h be p(-10). Suppose -5*g + 93 = -l, -2*g + h*g + 4*l - 27 = 0. Calculate the remainder when 92 is divided by g.
16
Let f = 29858 - 29831. What is the remainder when 8418 is divided by f?
21
Let l(n) = 457*n - 5014. Let a(f) = -4*f - 3. What is the remainder when l(11)